and c?
10
Suppose -13*h = -4*h - 45. Let w(a) = -10*a - 15. Let g be w(-6). What is the greatest common divisor of h and g?
5
Let p(m) = -206*m + 1. Let v be p(-1). Suppose 2*b + 17 = -5*q + 88, 0 = 4*b + q - 97. What is the greatest common divisor of b and v?
23
Let o = 30 - 26. Let l be (10/o)/(3/18). Let u be (-6)/15 - 152/(-5). Calculate the greatest common factor of l and u.
15
Let a(z) = z**3 + 3*z**2 - z - 5. Let g be a(-3). Let j be 48 - (-3 + 2 + 3 + g). Calculate the greatest common divisor of 120 and j.
24
Suppose -510 - 75 = -5*i + b, -2*b = 0. Calculate the greatest common factor of 143 and i.
13
Let k(w) = 8*w + 62. Let u be k(-25). Let h = -99 - u. Calculate the greatest common divisor of h and 13.
13
Let j be ((-13)/(-4)*2)/((-198)/(-10296)). What is the greatest common divisor of j and 26?
26
Let o(z) = -7 + 19 - 11*z**2 - 12*z + 10*z**2. Let i be o(-16). Let c = -37 - i. What is the highest common divisor of 10 and c?
5
Suppose 2*g + 2*g + 6 = 2*y, -5*g - 11 = -3*y. Suppose -5*c = y*c - 216. What is the greatest common divisor of 234 and c?
18
Let l(o) = -o**2 - 18*o - 49. Let n be l(-15). Let s be ((-9)/(-12))/(-3) - 105/n. Calculate the highest common divisor of 39 and s.
13
Let i be (3/(0 - 1))/((-3)/(-5)). Let q be 3*i/25*-30. What is the greatest common divisor of 30 and q?
6
Suppose -5*o + c = -31, 0*c = -o - 6*c. Calculate the highest common divisor of o and 372.
6
Let k = 125 + -119. Suppose -2*j + 7 = -3*j. Let r = 25 + j. What is the highest common factor of k and r?
6
Let j(t) = -6*t - 36. Suppose m - 46 = -53. Let z be j(m). Calculate the highest common divisor of 21 and z.
3
Let m(k) = k**3 + 2*k + 249. Let l be m(0). What is the highest common divisor of 166 and l?
83
Suppose 0 = -2*g + 3*x + 78, -2*x - 149 = -5*g - 6*x. Let t = g + -22. Calculate the greatest common factor of t and 1.
1
Let i(p) = -p**3 - 8*p**2 - 11*p - 1. Let k be i(-7). Let l = 111 - k. Calculate the greatest common divisor of l and 12.
12
Let o(s) = -s - 6. Let b be o(-5). Let h = b + 37. Calculate the highest common factor of 24 and h.
12
Let v = -230 - -233. Calculate the highest common factor of v and 60.
3
Suppose -144 = 2*s - 5*s. Let l(t) = -t**3 - 7*t**2 + 5*t + 6. Let u be l(-7). Let c = 41 + u. What is the greatest common factor of s and c?
12
Let o = -379 + 394. What is the greatest common factor of 80 and o?
5
Suppose -8*n + 204 = 9*n. Calculate the highest common factor of 16 and n.
4
Let x = 44 - 14. Suppose w - 4*h - 36 = 0, -5*h + 3*h = -w + x. Calculate the highest common factor of 8 and w.
8
Suppose -4*u + 2*u = -10. Suppose 3*g + u = -2*g. Let f be g*(-4)/(-4) + 65. What is the highest common divisor of 8 and f?
8
Let b(k) = 47*k**2 + 2*k + 2. Let i be b(-2). Let q = i - 96. Suppose -648 = -30*y + 12*y. What is the highest common divisor of y and q?
18
Let b(g) = -4*g**2 + 4. Let i be b(-2). Let u = 15 + i. Calculate the greatest common divisor of 12 and u.
3
Let b(d) = -3*d - 4. Suppose -x - 24 = 3*x. Let r be b(x). Let h = -547 + 659. Calculate the greatest common factor of h and r.
14
Suppose 8 = -2*q + 36. What is the highest common divisor of 175 and q?
7
Let u = -399 + 815. Calculate the highest common divisor of u and 13.
13
Let g = 163 - 147. What is the greatest common factor of g and 3?
1
Let t be 99/11 - 1/3*0. Calculate the greatest common divisor of 6 and t.
3
Let i = 59 - 57. Suppose 3 = x + i*x, 5*x + 50 = w. What is the greatest common factor of w and 22?
11
Let i = 2779 - 2755. Suppose -3*s + 147 = r, 0*r - 177 = -4*s + 5*r. What is the greatest common factor of s and i?
24
Let r be 156/15 + 2/(-5). Suppose -r = a - 6*a. Let n = -59 + 71. What is the highest common divisor of n and a?
2
Let a(g) = 12*g. Let t be a(4). Let x be (175/70)/(5/24). What is the greatest common divisor of x and t?
12
Suppose 3*n - 40 = -0*x - 2*x, -40 = -2*x + 5*n. Let a(y) = -y - 1 + 5 - 2*y**2 + 3*y**2. Let m be a(0). Calculate the greatest common factor of m and x.
4
Let u be (1 + 11)*(-2)/2. Let y = 12 + u. Suppose -2*x + y*l - l = -15, -2*x = -2*l - 30. Calculate the highest common factor of x and 25.
5
Let a(m) = 4*m - 31. Let t be a(9). Suppose t*g - 90 = -5*c, g + 18 = 2*g - c. Calculate the greatest common divisor of 30 and g.
6
Let y = 33 - 10. Let f be (-2)/((-231)/828 + 9/36). Calculate the highest common divisor of f and y.
23
Let j be ((-3)/9 + 1)/(2/114). Suppose x + 4*s = j, -4*s + 35 + 153 = 4*x. Calculate the highest common divisor of x and 5.
5
Let c = -130 - -222. Let n = 121 - c. Calculate the greatest common factor of 87 and n.
29
Let j be (-36)/30*70/6*2. Let l be (80/j)/((-2)/7). Calculate the greatest common factor of 10 and l.
10
Let s(a) = -102*a + 4. Let c be s(-1). What is the greatest common divisor of 53 and c?
53
Let d be (-20)/8*7/((-21)/108). What is the greatest common factor of d and 315?
45
Let l be (84/14)/((-4)/(-6)). Suppose 4*o = 7 + l. What is the highest common factor of 52 and o?
4
Suppose 5*m + 6 + 14 = 0, -2580 = -5*y - 5*m. What is the highest common factor of y and 65?
65
Let l(x) = -55*x - 28. Let s be l(-4). Suppose s = -7*h + 19*h. Calculate the greatest common factor of 16 and h.
16
Suppose 5*d = 39*d - 510. What is the highest common divisor of 9 and d?
3
Let l = 935 + -869. What is the highest common factor of 9 and l?
3
Let t(b) = -3*b + 3. Let y(v) = v**2 + 1. Let c be y(-1). Let k be t(c). Let n be k + 6 - (-39 - 2). What is the greatest common factor of 11 and n?
11
Suppose 4*y = 3 + 1. Let z be (19/(-3))/(y/3). Let w = -2 - z. What is the highest common factor of w and 119?
17
Let c = 16 - 1. Suppose 2*k - 4*z - 32 = 0, 3*z + 2*z = 5*k - 65. Suppose k*d = d + 405. What is the highest common factor of c and d?
15
Let d be (-4)/(-8)*(-5 + 15). What is the greatest common factor of d and 115?
5
Let h be 2 + (101/3)/(15/45). Calculate the highest common divisor of h and 1957.
103
Suppose 4*x = 5*k - 18, 4*k = k - 3*x + 27. Let m(v) = -v**2 + 121*v - 2614. Let h be m(92). Calculate the highest common divisor of h and k.
6
Let j = -26 - -222. Calculate the highest common factor of j and 490.
98
Suppose 0 = -33*i + 15*i + 486. Calculate the highest common factor of i and 189.
27
Let u(a) = 57*a + 129. Let g(p) = 14*p + 32. Let k(m) = -9*g(m) + 2*u(m). Let y be k(-13). Calculate the greatest common divisor of y and 14.
14
Let c be (-17)/(-2)*(-8 + 10). Let n = 32 - c. What is the highest common factor of 6 and n?
3
Let f = -8 + 5. Let d be -3 + (-2 - 2*f). Let u be (-16 + d)/(-3)*8. What is the highest common factor of u and 5?
5
Let n = 5 - -15. Let p(l) = -87*l + 133. Let q be p(-1). What is the highest common factor of n and q?
20
Let x(c) = c**3 + 20*c**2 - 7*c - 34. Let f be x(-19). Calculate the highest common factor of 40 and f.
20
Suppose 5*m + 2*h = 3*m - 8, -2*m + 5*h + 27 = 0. Let s be 0 + 1 + 18 + (-3)/m. What is the highest common divisor of s and 4?
4
Let z be (-2 - (-5)/(-2))*-4. Let l = 191 - 164. What is the highest common divisor of l and z?
9
Suppose -12*m - 2 = -13*m. Let k be 3 + (m - (3 - 1)). Suppose 0 = -2*t - k*t + 95. Calculate the highest common divisor of 76 and t.
19
Suppose -11*j + 20*j = 81. What is the greatest common divisor of 99 and j?
9
Suppose 0 = 5*o + 3 - 143. What is the highest common divisor of o and 252?
28
Suppose 3*b + 40 = 2*l, 4*l - 80 = -b - 2*b. Let q = 60 + -30. Calculate the highest common divisor of l and q.
10
Suppose -300 + 36 = -22*k. What is the highest common factor of 8 and k?
4
Let d be (-31 - -30)/((-2)/170). Let n = 90 - d. What is the greatest common factor of n and 55?
5
Suppose -112 = -3*o - 1. What is the greatest common divisor of o and 14?
1
Suppose 5*g - 66 = 5*k - 9*k, 5*g + 3*k = 62. Suppose -3*q + 90 = 2*q + 5*v, 5*q - 2*v - 69 = 0. What is the highest common factor of q and g?
5
Let k be ((-17)/(-2))/((-2)/(-20)). Let g(t) = -4*t + 10. Let l be g(-6). What is the greatest common divisor of k and l?
17
Let w = 154 - 82. Let f = 70 + -21. Let h = -13 + f. Calculate the greatest common factor of w and h.
36
Suppose -4*d + 132 = 100. What is the highest common divisor of 32 and d?
8
Let h be (-2)/((-29)/(-31) + 5/(-5)). Suppose -3*y - h = -133. What is the highest common factor of y and 306?
34
Let b = -159 